. Let q(c) = 2*t(c) - v(c). Does 10 divide q(5)?
False
Let t(q) = -q**3 + 6*q**2 + 7*q + 4. Let x be t(7). Let a(d) = -2 - 2*d - x - 6 - 4*d. Is 12 a factor of a(-7)?
False
Let r be 5030/(-4)*(-44)/55. Is (-1)/(-8) + r/16 + 2 a multiple of 13?
True
Let i(k) = k**2 + 17*k + 58. Is 58 a factor of i(-17)?
True
Let d be ((-4)/(-3))/((-2)/(-3)). Let z be 7*(1 + 10 - d). Let p = -45 + z. Is 15 a factor of p?
False
Does 37 divide 296/10*1110/148?
True
Suppose 12*o = 27*o - 7830. Does 39 divide o?
False
Suppose -3*v - 172 = -5*v - t, -3*v - 2*t = -258. Let a = v - 68. Is 14 a factor of a?
False
Let s(c) = c**2 - c. Let z(r) = r - 4. Let i be z(2). Is 2 a factor of s(i)?
True
Is ((-746)/(-4))/(-10 - 126/(-12)) a multiple of 39?
False
Let i(y) = -y**2 - 12*y + 141. Is i(0) a multiple of 3?
True
Let j(k) = k**3 - 4*k**2 - 2*k + 6. Let m be j(4). Let r be m/7 + 12/42. Suppose 6*y - y - 15 = r. Is 3 a factor of y?
True
Let g = -58 - -75. Does 18 divide (g - (-4)/(-2))*54/45?
True
Let d be 26/2 - (9 + -7). Let g = -11 + d. Suppose -b + 22 + 19 = g. Is 19 a factor of b?
False
Let i = -756 - -1592. Is i a multiple of 58?
False
Let d(p) = -8*p**2 + 13*p**2 - p**3 - 6*p - 2*p**2 - 4*p**2 - 2. Is 6 a factor of d(-3)?
False
Suppose 4*g + 0*c + 2*c = -66, -2*g - 4*c - 36 = 0. Let q be (12 - 10)/((-2)/g). Is 20 a factor of (-2 + 7)*q/2?
True
Let g = 1208 + -844. Is 13 a factor of g?
True
Suppose 7*o = o - 24. Does 30 divide (-370)/(-4) + 10/o?
True
Let p be (2/3)/(2/126). Suppose -6 + 26 = -5*h, 0 = t - h + 17. Let b = p + t. Does 7 divide b?
True
Let j be (-6)/4*14/21. Is 48 - (j + 0)/(0 - -1) a multiple of 13?
False
Suppose 0 = -4*w + 4*i + 24, -2 = 3*i + 4. Suppose -4*l + 5*l = -5*t + 168, w*l = 5*t + 547. Is 13 a factor of l?
True
Let f(x) = -56*x - 14. Let y be f(-6). Let n = -179 + y. Is n a multiple of 20?
False
Suppose 54*x - 64*x + 9150 = 0. Is 47 a factor of x?
False
Let m be (-2)/(-4)*(78 + 8). Suppose 37 = -5*c - m. Is 11 a factor of (228/c)/(9/(-24))?
False
Let p = 29 - 27. Let u(a) = 3*a - 5 + a**3 + 0 - 2*a**p - 2*a**2 + 2. Is 4 a factor of u(4)?
False
Suppose 206*j + 2958 = 208*j. Is 17 a factor of j?
True
Let y be -3*(-1 + 2 - -2). Is (75/(-10))/(y/12) a multiple of 2?
True
Is 35 a factor of 3/(-6) - 417/(-6)?
False
Let o(l) = -7*l**3 + 7*l**2 + l + 94. Let b(r) = -r**3 + r**2 - 1. Let f(g) = -6*b(g) + o(g). Is 9 a factor of f(0)?
False
Let i(v) = -4*v**3 - 4*v**2 - 3*v. Let n be i(-2). Let u = n - 28. Does 23 divide (u/(-4))/(18/564)?
False
Suppose r - 2 = a - 3, 2*r = -5*a + 12. Suppose 131 = 5*g - a*g + 2*y, 3*y = -15. Is g a multiple of 17?
False
Does 3 divide (-702)/(-10) + -2 - (-12)/15?
True
Suppose 2*o - 130 = 5*g, 6*o - o - 367 = 2*g. Is o a multiple of 15?
True
Let p = -1594 - -1796. Is 10 a factor of p?
False
Suppose 54 = 7*k - 10*k. Let w = 24 + k. Is 3 a factor of w?
True
Let t = 16 - -173. Suppose 2*g - 5*v - t = 0, -91 = -g + 2*v - 3*v. Is 23 a factor of g?
True
Suppose -d = -5*d + r + 1, 4*r = 5*d - 4. Suppose 2*p + 28 = -2*l, 46 = -3*p - d*p - 4*l. Is ((-2)/2)/(p/300) a multiple of 15?
True
Let z(y) = -13*y + 31. Let p(v) = 3*v - 8. Let o(j) = -9*p(j) - 2*z(j). Let b be o(6). Suppose 190 = a + b*a. Does 27 divide a?
False
Let p = -553 - -218. Let x = p + 495. Suppose -2*q = 7*g - 3*g - 40, 2*g + x = 5*q. Is 6 a factor of q?
True
Let k(l) = 10*l + 25*l + 12*l**2 - l**2 - l**3 - 4 - 3*l. Is 20 a factor of k(13)?
False
Suppose 0 = -5*x + 8*x. Suppose x = -4*w + f - 0*f + 406, 3*w = 3*f + 300. Does 34 divide w?
True
Let b(r) = -24*r**3 + 3*r**2 + 13*r - 6. Is 15 a factor of b(-3)?
True
Is 38 a factor of (-60)/14 + 4 - (-2837)/7?
False
Let b be 136/(-36) + (-2)/9. Let n(c) = -7*c - 9. Let k be n(b). Suppose 41 + k = 4*a. Does 5 divide a?
True
Let o(i) = 13*i**2 + 6*i + 10. Is o(-4) a multiple of 11?
False
Suppose 451*d + 1725 = 456*d - 5*a, a = -3. Is 18 a factor of d?
True
Suppose -r + 649 = -3*q, 4*q + 2576 = 4*r + 2*q. Is r a multiple of 30?
False
Suppose -4*d = 2*d - 3132. Is 65 a factor of d?
False
Suppose 5*a - 3*y - 70 = 0, 0*a + 14 = a + 5*y. Let h(l) = 5*l - 20*l - a - l**2 + 0*l. Does 10 divide h(-11)?
True
Let v be (-4)/(-6) - (-2019)/9. Let o = -130 + v. Is 18 a factor of o?
False
Let v = 1024 - 297. Does 61 divide v?
False
Let a be 169 + -1 + 0 + 1. Let v = a - 36. Does 13 divide v?
False
Does 70 divide (-1)/(((-70)/(-16710))/(-7))?
False
Let r = -28 - -34. Suppose -5*k + r*k = 124. Is k a multiple of 27?
False
Let t(m) = m - 17. Let j be t(16). Let v(l) = l**3 - 8*l**2 + 3*l + 1. Let s be v(6). Is 9 a factor of s/(-4) - j/(-4)?
False
Let x = -85 + 198. Suppose p = -4*f + x, 4*p - f - 352 = 3*f. Does 23 divide p?
False
Let c be 93/24 - 3/(-24). Suppose 5*d = c*m - 25, 5*m + 3*d = 4 + 18. Does 5 divide (37 - m) + (-4 - -2)?
True
Let o = -555 - -193. Let z(g) = -517*g - 2. Let f be z(-1). Let t = f + o. Does 34 divide t?
False
Let r = 354 - -153. Is r a multiple of 39?
True
Let j = 259 + -134. Is j a multiple of 25?
True
Suppose 65*a = 62*a + l + 453, 3*a + 3*l - 441 = 0. Is a a multiple of 50?
True
Suppose -44 = -3*m + 5*u, -m + 12 = u - 2*u. Let x be m/(-5) - (-8)/(-20). Is 1 + (78 - 2/x) a multiple of 20?
True
Let k(p) = 3*p**2 + p - 15. Let g be 3/(-15)*-5 - -5. Is 11 a factor of k(g)?
True
Suppose 8*x - 370 = 86. Is 6 a factor of x?
False
Suppose -3*m - 3*r + 5*r + 1714 = 0, -4*m - 3*r + 2257 = 0. Does 71 divide m?
True
Let a(j) = -26*j - 25. Is a(-20) a multiple of 9?
True
Suppose 5*h - 5*j = -3*j + 804, -3*j = 2*h - 333. Suppose 4*d = 30 + h. Is d a multiple of 6?
True
Let v(x) = 9 + 6*x + 2 - 2*x - 3*x. Let k be v(-8). Suppose k*o + o - 107 = 3*s, -25 = -o - s. Is 8 a factor of o?
False
Let g = -7 + 11. Let i = g + 25. Suppose 0 = -o + i - 9. Is 7 a factor of o?
False
Let r(l) = l**2 - 23*l + 6. Is r(25) a multiple of 8?
True
Let m = 305 + 6. Is 6 a factor of m?
False
Suppose 216 = 4*n - n. Let l = n - -108. Suppose 2*x + l = 7*x. Is x a multiple of 9?
True
Let q(o) = o**2 - 9*o - 12. Let p be q(11). Let a be 0/(-1 - 1) - -1. Suppose a + p = f. Is 11 a factor of f?
True
Let s(r) = 17*r**2 + 46*r + 10. Is 35 a factor of s(-8)?
False
Suppose -j - 2*p + 9 = 3*p, 5 = 2*j - 3*p. Suppose -j*s = -3*s + 3. Let q(f) = 4*f**2 - 2*f - 2. Does 20 divide q(s)?
True
Is 80 a factor of 2/(44/(-2)) - 18437/(-11)?
False
Suppose 4*l - 3 = 189. Let z = l - 4. Does 20 divide z?
False
Let x = 2015 + 50. Is 14 a factor of x?
False
Suppose 4*j + 22 + 2 = -4*x, x + 5*j = -18. Let v(k) = k. Let m be v(6). Does 13 divide (-83)/(-2) - x/m?
False
Suppose 6 = x + 2*x. Let r be (x/(-4))/((-3)/12). Does 18 divide (2 + 18)/(r/5)?
False
Suppose 0 - 4 = -w. Suppose -w = 2*q + 4. Does 31 divide (q/5)/(12/(-930))?
True
Suppose 0 = -2*q - x + 20, -q = -2*x + 6*x - 10. Suppose 2*f + 0 = -8. Is (255/q)/((-3)/f) a multiple of 16?
False
Is (-264)/(-2) + -175 + 179 a multiple of 17?
True
Suppose 0 = 3*t + 4*m + 3, -4*t = m + m - 6. Let r be (t - (-30)/(-9))*-3. Does 7 divide 27 + -3 + (r - 2)?
False
Let h be 3/((-2)/(40/(-15))). Suppose 0*m + 20 = h*m. Is 4 a factor of m?
False
Let m(n) be the third derivative of -n**5/60 - 5*n**4/6 + 41*n**3/6 + 20*n**2. Is m(-21) a multiple of 7?
False
Suppose 3*r + 4 = 5*r, 0 = -2*m + r + 6. Suppose -4*y + 24 = g - m*g, -y + 3*g = -6. Suppose 0 = -5*k + y + 4. Is 2 a factor of k?
True
Let a = -26 + 35. Let w(r) = -r**3 + 10*r**2 - 6*r + 1. Is 7 a factor of w(a)?
True
Let k(r) = r**2 + r. Let g(m) = -5*m**2 - 6*m - 2. Let c(h) = -g(h) - k(h). Suppose -8*y - 13 = -3*y + b, -3*b = 3*y + 3. Is c(y) a multiple of 10?
False
Let s(v) = -v**3 - 9*v**2 + v + 16. Is s(-9) a multiple of 4?
False
Let p(s) = 4*s**3 - s**3 - 3*s - 51 + 53. Suppose 3*g - 6 = -0. Is 20 a factor of p(g)?
True
Let m(q) = -q**2 + 18*q + 9. Does 13 divide m(14)?
True
Let a = 169 - 165. Suppose -300 = -a*g + 648. Does 24 divide g?
False
Suppose 1511 = -12*k + 8939. Does 36 divide k?
False
Let x be 16/14*(-28)/(-8). Suppose x*l - 281 = 7. Is l a multiple of 18?
True
Suppose 0*z - z = 3, -4*x - z = 35. Is ((-2)/(-3) - 1)*(-431 - x) a multiple of 32?
False
Suppose 0 = 3*l + 2*h - 63, -2*l + 3*h = 7*h - 50. Suppose y - l = -5. Is y a multiple of 3?
False
Suppose 30 = 5*y + 5*t, 0 = -y - y + 3*t - 8. Suppose -226 = -3*q + y*r - 3*r, -2*r - 384 = -5*q. Is q a mu